w(u)?
2, 17
List the prime factors of 9/15*65/1.
3, 13
Suppose 4*q - 3*w + 1151 = -0*q, -5*w = 4*q + 1111. List the prime factors of q/(-14) + 24/(-84).
2, 5
Let r = -6 + 9. Let t = r + 19. What are the prime factors of t?
2, 11
Let a(m) = -5*m**2 + 10*m. Let r(u) = -u**2 + u. Let d(f) = a(f) - 4*r(f). Suppose 5*q - 10 = 3*q. What are the prime factors of d(q)?
5
Let l be 726/11 - (0 - 0). Suppose 0 = r - 3*h - 32, -h = -0*r + 3*r - l. What are the prime factors of r?
23
Let w = 111 - 71. List the prime factors of w.
2, 5
Suppose 0 = -7*u + 11*u - 952. List the prime factors of u.
2, 7, 17
Suppose 3*s = 8*s - 3*x - 181, 2*s = -2*x + 82. List the prime factors of s.
2, 19
Let q(s) be the third derivative of s**5/60 - 7*s**4/24 + 4*s**3/3 + 2*s**2. Let k be q(6). Suppose 0*i = -k*i + 16. What are the prime factors of i?
2
Suppose 2*i - 15 = 7*i. Let s = 5 - i. List the prime factors of s.
2
What are the prime factors of 2/7 - ((-710)/14 - 2)?
53
Let f(s) = 4*s**2 + 7*s + 4. What are the prime factors of f(-4)?
2, 5
Let j = 49 + -31. List the prime factors of j.
2, 3
Let q = -737 - -1056. What are the prime factors of q?
11, 29
List the prime factors of (5 - 4) + -4 + 75.
2, 3
Let h = 0 - 5. Let r = -7 - h. List the prime factors of (r/2)/(1/(-3)).
3
What are the prime factors of (1/((-10)/(-18)))/(4/20)?
3
Let m(b) = 63*b + 1. Let p be m(1). Suppose -5 - p = -3*i. List the prime factors of i.
23
Let u(h) = 3*h**2 - h. Let k(o) = -o**2 - o - 2. Let g be k(0). Let s be (g + 1)*(-1 - -2). List the prime factors of u(s).
2
Suppose -5*i = -k + 9, -i - 2*k - k = 5. Let c(s) = 5*s**2 - 2*s. List the prime factors of c(i).
2, 3
Let q(s) = s**2 + 3. Let r be q(0). Suppose k + 8*u = r*u - 11, -16 = -k + 4*u. Suppose 0 = -o + 4*o + 5*w - k, 5*w + 8 = o. What are the prime factors of o?
3
Let w(d) = d**3 - 7*d**2 + 4*d + 4. What are the prime factors of w(7)?
2
Let n = 21 + -5. Suppose -5*u - n = -71. List the prime factors of u.
11
Let u be 140 + (-5 - (-2 - 0)). Suppose -u = -5*q - 3*j - 28, -4*j - 8 = 0. What are the prime factors of q?
23
Suppose -3 = -2*k - k. Suppose 0 = -a + 2*a. What are the prime factors of (k - a) + 18/2?
2, 5
Let h(q) = q**2 + 2*q - 5. Let n be h(-5). Suppose -5*j = -n*j + 20. Suppose 2 = -m + j. What are the prime factors of m?
2
Let n = 45 + -23. What are the prime factors of n?
2, 11
Let n(x) = -x**3 - 5*x**2 - 4*x + 2. List the prime factors of n(-4).
2
Suppose l = -z + 35, 58 = 3*l + z - 47. What are the prime factors of l?
5, 7
Let h = 4 - 4. Let k(o) = o**3 + o**2 + o + 9. What are the prime factors of k(h)?
3
Let t be (2/(-5))/(1/(-35)). Let u = t + -10. List the prime factors of u.
2
Suppose 3*y - 4*y = 16. Let m be (-336)/15 + (-2)/(-5). Let l = y - m. List the prime factors of l.
2, 3
Let k(x) = x - 1. Let a be k(1). Suppose -m + 9 = -a*m. List the prime factors of m.
3
Let w(q) = q**3 - 5*q**2 + q - 4. Let u be w(5). Let b be (u + -4)/((-24)/32). Suppose 3 = 5*a - b*a. What are the prime factors of a?
3
Let b(n) = n**2 + 17*n + 20. Let r be b(-16). Suppose 0 = -r*j + 74 - 18. List the prime factors of j.
2, 7
Let g(u) be the first derivative of u**4/4 - u**3/3 + 6*u - 3. What are the prime factors of g(0)?
2, 3
Let b(w) = 2 + 9*w - w**2 - w**2 + w**2 + 2. Let o = -7 + 14. What are the prime factors of b(o)?
2, 3
Let x(b) = -b + 7. Let k(w) = -w**2 + 5*w - 4. Suppose 0 = -5*r + v + 21, 3*v = -3*r - 0 + 9. Let y be k(r). What are the prime factors of x(y)?
7
Suppose 4*n = 16*j - 18*j + 354, -2*n = -2*j - 168. What are the prime factors of n?
3, 29
Let k(t) = t**2 + 7. Let y be k(-5). Suppose 6*s - 4*s = y. List the prime factors of s.
2
Suppose -3*h + 630 = 6*h. What are the prime factors of h?
2, 5, 7
Suppose i - 5*c - 32 = 0, -4*c + 1 = -7. List the prime factors of i.
2, 3, 7
Suppose 4*y - 3 = 9. Suppose -39 = -4*g - m, -7 = -g - 0*m - y*m. List the prime factors of g.
2, 5
Let g(o) = 4*o + 5. List the prime factors of g(7).
3, 11
Suppose 3*p - 324 = -p. Suppose -53 = -3*f + r, -5*f + 2*r - 4*r = -p. List the prime factors of f.
17
Let l be 2/(-5) - (-2043)/45. Let b = -12 + l. Suppose -5*u + 3*a + 38 = -0*a, -4*u + b = -5*a. What are the prime factors of u?
7
Let c(b) = b. Suppose -4*t - 127 = w, -4*t - 5*w - 66 = 57. Let p be (1/(-2))/(4/t). List the prime factors of c(p).
2
Suppose 5 = -3*q + 2. What are the prime factors of q + 2/((-6)/(-93))?
2, 3, 5
Let b be 98/6 + (-4)/(-6). Let x = b - 0. What are the prime factors of x?
17
Suppose 5 = 4*l - 3*l. Suppose 4*t = -l + 21. List the prime factors of t.
2
Let n be (106/8)/((-2)/(-8)). Suppose 3*u = -3*p + p + n, -2*p - u + 43 = 0. Let y = p + -12. List the prime factors of y.
7
Let v = 5 + 0. Suppose 3*q - 46 - v = 0. What are the prime factors of q?
17
Let h be -23*(-2)/(-2)*-1. Let a = h - 6. Let m = -10 + a. List the prime factors of m.
7
Let f(j) = -j**2 - 2. Let r be f(-2). Let l be (2/r)/((-1)/183). Suppose -5*p + 6*g = g - 95, 4*p - g - l = 0. What are the prime factors of p?
2, 7
Let v(n) = 2*n**2 + 7*n + 2. Let o be 20/(-70) - (-66)/(-14). What are the prime factors of v(o)?
17
Suppose -50 = -3*d + d. Let u = -15 + d. List the prime factors of u.
2, 5
Suppose 3*j - 30 = -5*m, -5*j + 2*j = -m + 24. Let g(d) be the second derivative of -d**3/6 + 6*d**2 - d. List the prime factors of g(m).
3
Let w(l) = l**3 + 4*l**2 - l - 1. What are the prime factors of w(-3)?
11
Let z = -16 + 26. List the prime factors of z.
2, 5
Suppose -2*f + 7 - 1 = 0. List the prime factors of f - ((-2 - -4) + -16).
17
Let v = 17 - 11. Let k(s) = -s - 1. Let d(b) = 6*b + 9. Let l(i) = -3*d(i) - 21*k(i). List the prime factors of l(v).
2, 3
Let x = -1 - -3. Suppose x*r = -5*z + 149, -r + 85 = 3*z - 2*r. Let v = z + -21. What are the prime factors of v?
2
Suppose 0*t + 2*t - 4 = 4*w, 5*w = -2*t + 4. Suppose -2 = -t*h + 6, 39 = 5*z + h. List the prime factors of z.
7
Let r = 934 - 567. List the prime factors of r.
367
Suppose -5*x = 5*v + 55, 3*v + 13 = x - 0*x. What are the prime factors of (-29 + 2)*(-7 - v)?
3
Suppose -36 = -3*k - k. Let o = -4 + k. What are the prime factors of o?
5
Let h = -33 + 140. Suppose -3*p = -4*i + h, 0 = i + 3*i + 3*p - 125. List the prime factors of i.
29
Let o(n) = n**2 - n + 2. What are the prime factors of o(7)?
2, 11
Suppose -11*z - 50 = -391. List the prime factors of z.
31
Let h(m) be the second derivative of -m**5/20 - m**4/12 - m**3/3 + 27*m**2/2 - 8*m. What are the prime factors of h(0)?
3
Let a(w) = w - 1. Let z(m) = 9*m - 1. Let h(b) = -4*a(b) + z(b). What are the prime factors of h(3)?
2, 3
Suppose 0 = -5*h + 27 - 7. Suppose -2*d - 4 = w, -d + 7 = -2*w + h*w. What are the prime factors of w?
2, 3
Let w be ((-8)/5)/(2/(-5)). Suppose -u = 4*t - 8, -2*t + w*u = t - 6. Suppose z = 1 + t. List the prime factors of z.
3
Let t = -43 + 156. What are the prime factors of t?
113
Let i = 2 - -1. Suppose -4*h + 45 = 9. Suppose w - h = i. List the prime factors of w.
2, 3
Suppose 3*r - 849 = 228. List the prime factors of r.
359
Let u(w) = 2*w**2 - 11*w - 27. List the prime factors of u(10).
3, 7
Suppose 13*m = 1613 + 1806. What are the prime factors of m?
263
Let d(n) = n**2 - 6*n - 7. Let c be d(7). Let r be -1*40 + c - 2. What are the prime factors of 1/2 + r/(-4)?
11
Suppose 0 = 3*u + 5*p + 173, 4*p + 178 = -3*u - 0*p. List the prime factors of u/(-9) - (-4)/6.
2
Let b(i) = 4*i**2 + i - 5. Let n be b(5). Suppose -3*c - h = -136, 3*c - n = c - 3*h. List the prime factors of c.
2, 11
Let t be (20/25)/(2/15). What are the prime factors of 3/2 - t/(-12)?
2
Suppose -3*b + 2*b + 5 = 2*c, -4*b - 2 = -3*c. Suppose -g + 30 = c*g. What are the prime factors of g?
2, 5
Let v = -3 + 5. Let b(y) = 0 - 3*y**3 + 2*y**3 + v*y - 4 + 7*y**2. List the prime factors of b(7).
2, 5
Suppose -4*v + 593 = 5*f, 0 = -3*f - f + 3*v + 493. Let i = f + -79. What are the prime factors of i?
2, 3, 7
Let c be (-88)/20 - (-2)/5. Let x(d) = d + 9. Let s be x(c). Suppose s*b + 3*g = 27, -10 = -2*b + g - 2*g. List the prime factors of b.
3
Suppose 2*y - 115 = 13. List the prime factors of y.
2
Let q(k) = -126*k + 13. List the prime factors of q(-2).
5, 53
Suppose -64 = -4*w + 96. Suppose -y = 2 - 6, 2*x = 4*y + w. What are the prime factors of x?
2, 7
Let g(u) be the first derivative of 